{"id":1003,"date":"2016-11-18T11:50:32","date_gmt":"2016-11-18T11:50:32","guid":{"rendered":"https:\/\/www.schafferholz.com\/rohstoff\/"},"modified":"2019-09-21T19:21:33","modified_gmt":"2019-09-21T19:21:33","slug":"matieres-premieres","status":"publish","type":"page","link":"https:\/\/www.schafferholz.com\/fr\/matieres-premieres\/","title":{"rendered":"Mati\u00e8res premi\u00e8res"},"content":{"rendered":"<p>[vc_row css_animation=\u00a0\u00bb\u00a0\u00bb row_type=\u00a0\u00bbrow\u00a0\u00bb use_row_as_full_screen_section=\u00a0\u00bbno\u00a0\u00bb type=\u00a0\u00bbgrid\u00a0\u00bb anchor=\u00a0\u00bbansprechpersonen\u00a0\u00bb angled_section=\u00a0\u00bbno\u00a0\u00bb text_align=\u00a0\u00bbleft\u00a0\u00bb background_image=\u00a0\u00bb927&Prime; background_image_as_pattern=\u00a0\u00bbwithout_pattern\u00a0\u00bb][vc_column][vc_row_inner row_type=\u00a0\u00bbrow\u00a0\u00bb type=\u00a0\u00bbfull_width\u00a0\u00bb text_align=\u00a0\u00bbleft\u00a0\u00bb css_animation=\u00a0\u00bb\u00a0\u00bb][vc_column_inner][vc_empty_space height=\u00a0\u00bb320px\u00a0\u00bb][vc_column_text el_class=\u00a0\u00bbwhite title_full_width\u00a0\u00bb]<\/p>\n<h2 style=\"text-align: center;\">Mati\u00e8res premi\u00e8res<\/h2>\n<p>[\/vc_column_text][vc_empty_space height=\u00a0\u00bb75px\u00a0\u00bb][\/vc_column_inner][\/vc_row_inner][\/vc_column][\/vc_row][vc_row css_animation=\u00a0\u00bb\u00a0\u00bb row_type=\u00a0\u00bbrow\u00a0\u00bb use_row_as_full_screen_section=\u00a0\u00bbno\u00a0\u00bb type=\u00a0\u00bbfull_width\u00a0\u00bb angled_section=\u00a0\u00bbno\u00a0\u00bb text_align=\u00a0\u00bbleft\u00a0\u00bb background_image_as_pattern=\u00a0\u00bbwithout_pattern\u00a0\u00bb][vc_column][vc_empty_space height=\u00a0\u00bb60px\u00a0\u00bb][vc_row_inner row_type=\u00a0\u00bbrow\u00a0\u00bb type=\u00a0\u00bbgrid\u00a0\u00bb text_align=\u00a0\u00bbleft\u00a0\u00bb css_animation=\u00a0\u00bb\u00a0\u00bb][vc_column_inner][vc_column_text]<\/p>\n<p class=\"p1\">Schaffer Holz n\u2019a toujours utilis\u00e9 que des r\u00e9sineux domestiques de qualit\u00e9. Gr\u00e2ce \u00e0 la certification de nos produits selon les directives PEFC (Programme for the Endorsement of Forest Certification schemes), nous offrons \u00e0 nos clients qui ach\u00e8tent nos produits l\u2019assurance de soutenir une exploitation foresti\u00e8re respectueuse de l\u2019environnement et socialement responsable. PEFC est synonyme d\u2019exploitation foresti\u00e8re durable et d\u2018une transformation ma\u00eetris\u00e9e. Grace \u00e0 un approvisionnement local, nous r\u00e9duisont les distances de transport et contribuons de mani\u00e8re significative \u00e0 la protection de l&rsquo;environnement.<\/p>\n<p>[\/vc_column_text][vc_empty_space height=\u00a0\u00bb16px\u00a0\u00bb][vc_column_text]<\/p>\n<p class=\"p1\">Nous garantissons l\u2018achat de grumes au prix du march\u00e9. La confiance est notre force. Chaque grume est photographi\u00e9e et son acquisition toujours tracable et compr\u00e9hensible pour tout le monde.<\/p>\n<p>[\/vc_column_text][vc_empty_space][vc_column_text]<\/p>\n<h2 style=\"text-align: center;\">Si vous \u00eates int\u00e9ress\u00e9?<\/h2>\n<p>[\/vc_column_text][vc_empty_space height=\u00a0\u00bb16px\u00a0\u00bb][vc_text_separator title=\u00a0\u00bbMerci de nous contacter :\u00a0\u00bb css_animation=\u00a0\u00bbbottom-to-top\u00a0\u00bb border=\u00a0\u00bbno\u00a0\u00bb background_color=\u00a0\u00bb#ffffff\u00a0\u00bb title_color=\u00a0\u00bb#9d0a0e\u00a0\u00bb][\/vc_column_inner][\/vc_row_inner][vc_empty_space][vc_row_inner row_type=\u00a0\u00bbrow\u00a0\u00bb type=\u00a0\u00bbgrid\u00a0\u00bb text_align=\u00a0\u00bbleft\u00a0\u00bb css_animation=\u00a0\u00bb\u00a0\u00bb][vc_column_inner width=\u00a0\u00bb1\/2&Prime;][vc_column_text]<\/p>\n<p style=\"text-align: right;\"><strong>MARKUS SCHAFFER<\/strong><\/p>\n<p style=\"text-align: right;\"><a href=\"mailto:markus.schaffer@schafferholz.com\">markus.schaffer@schafferholz.com<\/a><\/p>\n<p>[\/vc_column_text][\/vc_column_inner][vc_column_inner width=\u00a0\u00bb1\/2&Prime;][vc_column_text]<strong>ANDREAS FADINGER<\/strong><\/p>\n<p><a href=\"mailto:andreas.fadinger@schafferholz.com\">andreas.fadinger@schafferholz.com<\/a><br \/>\n+43 664 \/ 815 70 60[\/vc_column_text][\/vc_column_inner][\/vc_row_inner][\/vc_column][\/vc_row][vc_row css_animation=\u00a0\u00bb\u00a0\u00bb row_type=\u00a0\u00bbrow\u00a0\u00bb use_row_as_full_screen_section=\u00a0\u00bbno\u00a0\u00bb type=\u00a0\u00bbfull_width\u00a0\u00bb angled_section=\u00a0\u00bbno\u00a0\u00bb text_align=\u00a0\u00bbleft\u00a0\u00bb background_image_as_pattern=\u00a0\u00bbwithout_pattern\u00a0\u00bb el_id=\u00a0\u00bbdownload_btn\u00a0\u00bb][vc_column][vc_empty_space height=\u00a0\u00bb60px\u00a0\u00bb][vc_row_inner row_type=\u00a0\u00bbrow\u00a0\u00bb type=\u00a0\u00bbgrid\u00a0\u00bb text_align=\u00a0\u00bbleft\u00a0\u00bb css_animation=\u00a0\u00bb\u00a0\u00bb][vc_column_inner][vc_column_text]<\/p>\n<h3 style=\"text-align: center;\">Unsere Sortierkriterien lauten f\u00fcr:<\/h3>\n<p>[\/vc_column_text][\/vc_column_inner][\/vc_row_inner][vc_empty_space height=\u00a0\u00bb60px\u00a0\u00bb][vc_row_inner row_type=\u00a0\u00bbrow\u00a0\u00bb type=\u00a0\u00bbgrid\u00a0\u00bb text_align=\u00a0\u00bbcenter\u00a0\u00bb css_animation=\u00a0\u00bb\u00a0\u00bb el_id=\u00a0\u00bbdownload_btn\u00a0\u00bb][vc_column_inner]\r\n\r\n\t<a href=\"https:\/\/www.schafferholz.com\/wp-content\/uploads\/2016\/12\/Sortierkriterien_Fichte_Tanne.pdf\" target=\"_self\" style=\"color: #ffffff;background-color: #76030e;font-size: 16px;font-weight: 400\" class=\"qode-btn qode-btn-medium qode-btn-solid qode-btn-custom-hover-bg qode-btn-custom-hover-color qode-btn-icon qode-btn-default-hover\" data-hover-bg-color=\"#b7b7b7\" data-hover-color=\"#ffffff\" >\r\n\t    <span class=\"qode-btn-text\">Fichte und Tanne<\/span><span class=\"qode-button-v2-icon-holder\" style=\"border-color: #76030e\" data-hover-icon-border-color=\"#b7b7b7\"><i class=\"qode_icon_font_awesome fa fa-file-pdf-o qode-button-v2-icon-holder-inner\" ><\/i><\/span>\t<\/a>\r\n\r\n[vc_empty_space height=\u00a0\u00bb30px\u00a0\u00bb]\r\n\r\n\t<a href=\"https:\/\/www.schafferholz.com\/wp-content\/uploads\/2016\/12\/Sortierkriterien_Laerche.pdf\" target=\"_self\" style=\"color: #ffffff;background-color: #76030e;font-size: 16px;font-weight: 400\" class=\"qode-btn qode-btn-medium qode-btn-solid qode-btn-custom-hover-bg qode-btn-custom-hover-color qode-btn-icon qode-btn-default-hover\" data-hover-bg-color=\"#b7b7b7\" data-hover-color=\"#ffffff\" >\r\n\t    <span class=\"qode-btn-text\">L\u00e4rche<\/span><span class=\"qode-button-v2-icon-holder\" style=\"border-color: #76030e\" data-hover-icon-border-color=\"#b7b7b7\"><i class=\"qode_icon_font_awesome fa fa-file-pdf-o qode-button-v2-icon-holder-inner\" ><\/i><\/span>\t<\/a>\r\n\r\n[\/vc_column_inner][\/vc_row_inner][vc_empty_space height=\u00a0\u00bb60px\u00a0\u00bb][vc_row_inner row_type=\u00a0\u00bbrow\u00a0\u00bb type=\u00a0\u00bbgrid\u00a0\u00bb text_align=\u00a0\u00bbcenter\u00a0\u00bb css_animation=\u00a0\u00bb\u00a0\u00bb][vc_column_inner width=\u00a0\u00bb1\/4&Prime;][\/vc_column_inner][vc_column_inner width=\u00a0\u00bb2\/4&Prime;][vc_column_text]<\/p>\n<h3 style=\"text-align: center;\">Gegen\u00fcberstellung Zwecksortierung<\/h3>\n<p>[\/vc_column_text][vc_empty_space height=\u00a0\u00bb30px\u00a0\u00bb]\r\n\r\n\t<a href=\"https:\/\/www.schafferholz.com\/wp-content\/uploads\/2016\/12\/Vergleich_Schaffer_OEHU_Homepage.pdf\" target=\"_self\" style=\"color: #ffffff;background-color: #76030e;font-size: 16px;font-weight: 400\" class=\"qode-btn qode-btn-medium qode-btn-solid qode-btn-custom-hover-bg qode-btn-custom-hover-color qode-btn-icon responsive_btn qode-btn-default-hover\" data-hover-bg-color=\"#b7b7b7\" data-hover-color=\"#ffffff\" >\r\n\t    <span class=\"qode-btn-text\">Zwecksortierung Schaffer und \u00d6HHU<\/span><span class=\"qode-button-v2-icon-holder\" style=\"border-color: #76030e\" data-hover-icon-border-color=\"#b7b7b7\"><i class=\"qode_icon_font_awesome fa fa-file-pdf-o qode-button-v2-icon-holder-inner\" ><\/i><\/span>\t<\/a>\r\n\r\n[\/vc_column_inner][vc_column_inner width=\u00a0\u00bb1\/4&Prime;][\/vc_column_inner][\/vc_row_inner][vc_empty_space height=\u00a0\u00bb60px\u00a0\u00bb][\/vc_column][\/vc_row]<\/p>\n","protected":false},"excerpt":{"rendered":"<p>[vc_row css_animation=\u00a0\u00bb\u00a0\u00bb row_type=\u00a0\u00bbrow\u00a0\u00bb use_row_as_full_screen_section=\u00a0\u00bbno\u00a0\u00bb type=\u00a0\u00bbgrid\u00a0\u00bb anchor=\u00a0\u00bbansprechpersonen\u00a0\u00bb angled_section=\u00a0\u00bbno\u00a0\u00bb text_align=\u00a0\u00bbleft\u00a0\u00bb background_image=\u00a0\u00bb927&Prime; background_image_as_pattern=\u00a0\u00bbwithout_pattern\u00a0\u00bb][vc_column][vc_row_inner row_type=\u00a0\u00bbrow\u00a0\u00bb type=\u00a0\u00bbfull_width\u00a0\u00bb text_align=\u00a0\u00bbleft\u00a0\u00bb css_animation=\u00a0\u00bb\u00a0\u00bb][vc_column_inner][vc_empty_space height=\u00a0\u00bb320px\u00a0\u00bb][vc_column_text el_class=\u00a0\u00bbwhite title_full_width\u00a0\u00bb] Mati\u00e8res premi\u00e8res [\/vc_column_text][vc_empty_space height=\u00a0\u00bb75px\u00a0\u00bb][\/vc_column_inner][\/vc_row_inner][\/vc_column][\/vc_row][vc_row css_animation=\u00a0\u00bb\u00a0\u00bb row_type=\u00a0\u00bbrow\u00a0\u00bb use_row_as_full_screen_section=\u00a0\u00bbno\u00a0\u00bb type=\u00a0\u00bbfull_width\u00a0\u00bb angled_section=\u00a0\u00bbno\u00a0\u00bb text_align=\u00a0\u00bbleft\u00a0\u00bb background_image_as_pattern=\u00a0\u00bbwithout_pattern\u00a0\u00bb][vc_column][vc_empty_space height=\u00a0\u00bb60px\u00a0\u00bb][vc_row_inner row_type=\u00a0\u00bbrow\u00a0\u00bb type=\u00a0\u00bbgrid\u00a0\u00bb text_align=\u00a0\u00bbleft\u00a0\u00bb css_animation=\u00a0\u00bb\u00a0\u00bb][vc_column_inner][vc_column_text] Schaffer Holz n\u2019a toujours utilis\u00e9 que des r\u00e9sineux domestiques de qualit\u00e9. Gr\u00e2ce&#8230;<\/p>\n","protected":false},"author":3,"featured_media":0,"parent":0,"menu_order":0,"comment_status":"closed","ping_status":"closed","template":"","meta":{"footnotes":""},"class_list":["post-1003","page","type-page","status-publish","hentry"],"_links":{"self":[{"href":"https:\/\/www.schafferholz.com\/fr\/wp-json\/wp\/v2\/pages\/1003","targetHints":{"allow":["GET"]}}],"collection":[{"href":"https:\/\/www.schafferholz.com\/fr\/wp-json\/wp\/v2\/pages"}],"about":[{"href":"https:\/\/www.schafferholz.com\/fr\/wp-json\/wp\/v2\/types\/page"}],"author":[{"embeddable":true,"href":"https:\/\/www.schafferholz.com\/fr\/wp-json\/wp\/v2\/users\/3"}],"replies":[{"embeddable":true,"href":"https:\/\/www.schafferholz.com\/fr\/wp-json\/wp\/v2\/comments?post=1003"}],"version-history":[{"count":3,"href":"https:\/\/www.schafferholz.com\/fr\/wp-json\/wp\/v2\/pages\/1003\/revisions"}],"predecessor-version":[{"id":1336,"href":"https:\/\/www.schafferholz.com\/fr\/wp-json\/wp\/v2\/pages\/1003\/revisions\/1336"}],"wp:attachment":[{"href":"https:\/\/www.schafferholz.com\/fr\/wp-json\/wp\/v2\/media?parent=1003"}],"curies":[{"name":"wp","href":"https:\/\/api.w.org\/{rel}","templated":true}]}}

Matières premières

<p>[vc_row css_animation= » » row_type= »row » use_row_as_full_screen_section= »no » type= »grid » anchor= »ansprechpersonen » angled_section= »no » text_align= »left » background_image= »927&Prime; background_image_as_pattern= »without_pattern »][vc_column][vc_row_inner row_type= »row » type= »full_width » text_align= »left » css_animation= » »][vc_column_inner][vc_empty_space height= »320px »][vc_column_text el_class= »white title_full_width »]</p>
<h2 style="text-align: center;">Matières premières</h2>
<p>[/vc_column_text][vc_empty_space height= »75px »][/vc_column_inner][/vc_row_inner][/vc_column][/vc_row][vc_row css_animation= » » row_type= »row » use_row_as_full_screen_section= »no » type= »full_width » angled_section= »no » text_align= »left » background_image_as_pattern= »without_pattern »][vc_column][vc_empty_space height= »60px »][vc_row_inner row_type= »row » type= »grid » text_align= »left » css_animation= » »][vc_column_inner][vc_column_text]</p>
<p class="p1">Schaffer Holz n’a toujours utilisé que des résineux domestiques de qualité. Grâce à la certification de nos produits selon les directives PEFC (Programme for the Endorsement of Forest Certification schemes), nous offrons à nos clients qui achètent nos produits l’assurance de soutenir une exploitation forestière respectueuse de l’environnement et socialement responsable. PEFC est synonyme d’exploitation forestière durable et d‘une transformation maîtrisée. Grace à un approvisionnement local, nous réduisont les distances de transport et contribuons de manière significative à la protection de l&rsquo;environnement.</p>
<p>[/vc_column_text][vc_empty_space height= »16px »][vc_column_text]</p>
<p class="p1">Nous garantissons l‘achat de grumes au prix du marché. La confiance est notre force. Chaque grume est photographiée et son acquisition toujours tracable et compréhensible pour tout le monde.</p>
<p>[/vc_column_text][vc_empty_space][vc_column_text]</p>
<h2 style="text-align: center;">Si vous êtes intéressé?</h2>
<p>[/vc_column_text][vc_empty_space height= »16px »][vc_text_separator title= »Merci de nous contacter : » css_animation= »bottom-to-top » border= »no » background_color= »#ffffff » title_color= »#9d0a0e »][/vc_column_inner][/vc_row_inner][vc_empty_space][vc_row_inner row_type= »row » type= »grid » text_align= »left » css_animation= » »][vc_column_inner width= »1/2&Prime;][vc_column_text]</p>
<p style="text-align: right;"><strong>MARKUS SCHAFFER</strong></p>
<p style="text-align: right;"><a href="mailto:markus.schaffer@schafferholz.com">markus.schaffer@schafferholz.com</a></p>
<p>[/vc_column_text][/vc_column_inner][vc_column_inner width= »1/2&Prime;][vc_column_text]<strong>ANDREAS FADINGER</strong></p>
<p><a href="mailto:andreas.fadinger@schafferholz.com">andreas.fadinger@schafferholz.com</a><br />
+43 664 / 815 70 60[/vc_column_text][/vc_column_inner][/vc_row_inner][/vc_column][/vc_row][vc_row css_animation= » » row_type= »row » use_row_as_full_screen_section= »no » type= »full_width » angled_section= »no » text_align= »left » background_image_as_pattern= »without_pattern » el_id= »download_btn »][vc_column][vc_empty_space height= »60px »][vc_row_inner row_type= »row » type= »grid » text_align= »left » css_animation= » »][vc_column_inner][vc_column_text]</p>
<h3 style="text-align: center;">Unsere Sortierkriterien lauten für:</h3>
<p>[/vc_column_text][/vc_column_inner][/vc_row_inner][vc_empty_space height= »60px »][vc_row_inner row_type= »row » type= »grid » text_align= »center » css_animation= » » el_id= »download_btn »][vc_column_inner]

	<a href="https://www.schafferholz.com/wp-content/uploads/2016/12/Sortierkriterien_Fichte_Tanne.pdf" target="_self" style="color: #ffffff;background-color: #76030e;font-size: 16px;font-weight: 400" class="qode-btn qode-btn-medium qode-btn-solid qode-btn-custom-hover-bg qode-btn-custom-hover-color qode-btn-icon qode-btn-default-hover" data-hover-bg-color="#b7b7b7" data-hover-color="#ffffff" >
	    <span class="qode-btn-text">Fichte und Tanne</span><span class="qode-button-v2-icon-holder" style="border-color: #76030e" data-hover-icon-border-color="#b7b7b7"><i class="qode_icon_font_awesome fa fa-file-pdf-o qode-button-v2-icon-holder-inner" ></i></span>	</a>

[vc_empty_space height= »30px »]

	<a href="https://www.schafferholz.com/wp-content/uploads/2016/12/Sortierkriterien_Laerche.pdf" target="_self" style="color: #ffffff;background-color: #76030e;font-size: 16px;font-weight: 400" class="qode-btn qode-btn-medium qode-btn-solid qode-btn-custom-hover-bg qode-btn-custom-hover-color qode-btn-icon qode-btn-default-hover" data-hover-bg-color="#b7b7b7" data-hover-color="#ffffff" >
	    <span class="qode-btn-text">Lärche</span><span class="qode-button-v2-icon-holder" style="border-color: #76030e" data-hover-icon-border-color="#b7b7b7"><i class="qode_icon_font_awesome fa fa-file-pdf-o qode-button-v2-icon-holder-inner" ></i></span>	</a>

[/vc_column_inner][/vc_row_inner][vc_empty_space height= »60px »][vc_row_inner row_type= »row » type= »grid » text_align= »center » css_animation= » »][vc_column_inner width= »1/4&Prime;][/vc_column_inner][vc_column_inner width= »2/4&Prime;][vc_column_text]</p>
<h3 style="text-align: center;">Gegenüberstellung Zwecksortierung</h3>
<p>[/vc_column_text][vc_empty_space height= »30px »]

	<a href="https://www.schafferholz.com/wp-content/uploads/2016/12/Vergleich_Schaffer_OEHU_Homepage.pdf" target="_self" style="color: #ffffff;background-color: #76030e;font-size: 16px;font-weight: 400" class="qode-btn qode-btn-medium qode-btn-solid qode-btn-custom-hover-bg qode-btn-custom-hover-color qode-btn-icon responsive_btn qode-btn-default-hover" data-hover-bg-color="#b7b7b7" data-hover-color="#ffffff" >
	    <span class="qode-btn-text">Zwecksortierung Schaffer und ÖHHU</span><span class="qode-button-v2-icon-holder" style="border-color: #76030e" data-hover-icon-border-color="#b7b7b7"><i class="qode_icon_font_awesome fa fa-file-pdf-o qode-button-v2-icon-holder-inner" ></i></span>	</a>

[/vc_column_inner][vc_column_inner width= »1/4&Prime;][/vc_column_inner][/vc_row_inner][vc_empty_space height= »60px »][/vc_column][/vc_row]</p>

<p>[vc_row css_animation= » » row_type= »row » use_row_as_full_screen_section= »no » type= »grid » anchor= »ansprechpersonen » angled_section= »no » text_align= »left » background_image= »927&Prime; background_image_as_pattern= »without_pattern »][vc_column][vc_row_inner row_type= »row » type= »full_width » text_align= »left » css_animation= » »][vc_column_inner][vc_empty_space height= »320px »][vc_column_text el_class= »white title_full_width »] Matières premières [/vc_column_text][vc_empty_space height= »75px »][/vc_column_inner][/vc_row_inner][/vc_column][/vc_row][vc_row css_animation= » » row_type= »row » use_row_as_full_screen_section= »no » type= »full_width » angled_section= »no » text_align= »left » background_image_as_pattern= »without_pattern »][vc_column][vc_empty_space height= »60px »][vc_row_inner row_type= »row » type= »grid » text_align= »left » css_animation= » »][vc_column_inner][vc_column_text] Schaffer Holz n’a toujours utilisé que des résineux domestiques de qualité. Grâce&#8230;</p>
